 the thousands digit of 10237?
0
What is the tens digit of 11035?
3
What is the units digit of 9098?
8
What is the units digit of 12094?
4
What is the ten thousands digit of 49767?
4
What is the tens digit of 752?
5
What is the hundreds digit of 3863?
8
What is the thousands digit of 11925?
1
What is the tens digit of 11228?
2
What is the units digit of 62?
2
What is the hundreds digit of 3300?
3
What is the ten thousands digit of 48885?
4
What is the units digit of 30761?
1
What is the units digit of 1216?
6
What is the tens digit of 1858?
5
What is the tens digit of 610?
1
What is the hundreds digit of 14891?
8
What is the tens digit of 299?
9
What is the ten thousands digit of 76582?
7
What is the units digit of 1043?
3
What is the ten thousands digit of 25034?
2
What is the units digit of 435?
5
What is the units digit of 23068?
8
What is the thousands digit of 50272?
0
What is the units digit of 33927?
7
What is the hundreds digit of 11468?
4
What is the tens digit of 163?
6
What is the hundreds digit of 3927?
9
What is the units digit of 1597?
7
What is the hundreds digit of 1907?
9
What is the thousands digit of 1168?
1
What is the tens digit of 98?
9
What is the units digit of 2135?
5
What is the thousands digit of 17835?
7
What is the units digit of 14729?
9
What is the units digit of 1674?
4
What is the hundreds digit of 5435?
4
What is the thousands digit of 8496?
8
What is the tens digit of 160011?
1
What is the units digit of 1425?
5
What is the hundreds digit of 922?
9
What is the thousands digit of 18131?
8
What is the units digit of 3880?
0
What is the thousands digit of 3383?
3
What is the units digit of 676?
6
What is the hundreds digit of 6627?
6
What is the units digit of 3553?
3
What is the units digit of 569?
9
What is the hundreds digit of 15166?
1
What is the hundreds digit of 96304?
3
What is the tens digit of 1047?
4
What is the hundreds digit of 1304?
3
What is the units digit of 18228?
8
What is the hundreds digit of 12720?
7
What is the tens digit of 1057?
5
What is the tens digit of 615?
1
What is the units digit of 4394?
4
What is the hundreds digit of 949?
9
What is the hundreds digit of 21715?
7
What is the thousands digit of 10806?
0
What is the hundreds digit of 836?
8
What is the units digit of 16505?
5
What is the units digit of 1432?
2
What is the ten thousands digit of 51777?
5
What is the thousands digit of 1725?
1
What is the units digit of 8787?
7
What is the units digit of 192?
2
What is the thousands digit of 31116?
1
What is the thousands digit of 77225?
7
What is the units digit of 83138?
8
What is the ten thousands digit of 62114?
6
What is the tens digit of 1047?
4
What is the thousands digit of 1457?
1
What is the tens digit of 74757?
5
What is the thousands digit of 170826?
0
What is the tens digit of 16307?
0
What is the thousands digit of 34573?
4
What is the units digit of 4754?
4
What is the hundreds digit of 10087?
0
What is the tens digit of 39694?
9
What is the units digit of 837?
7
What is the tens digit of 1540?
4
What is the tens digit of 3762?
6
What is the units digit of 5850?
0
What is the tens digit of 3604?
0
What is the hundreds digit of 435?
4
What is the tens digit of 15176?
7
What is the hundreds digit of 5004?
0
What is the thousands digit of 20830?
0
What is the thousands digit of 33135?
3
What is the tens digit of 1046?
4
What is the tens digit of 2178?
7
What is the tens digit of 145212?
1
What is the thousands digit of 40789?
0
What is the hundreds digit of 1469?
4
What is the hundreds digit of 12319?
3
What is the ten thousands digit of 35838?
3
What is the units digit of 1166?
6
What is the units digit of 3608?
8
What is the hundreds digit of 18183?
1
What is the units digit of 162743?
3
What is the tens digit of 3393?
9
What is the units digit of 6837?
7
What is the hundreds digit of 235?
2
What is the tens digit of 3899?
9
What is the hundreds digit of 130302?
3
What is the units digit of 18438?
8
What is the tens digit of 7297?
9
What is the units digit of 928?
8
What is the tens digit of 4883?
8
What is the units digit of 47631?
1
What is the hundreds digit of 550?
5
What is the units digit of 847?
7
What is the units digit of 4930?
0
What is the tens digit of 19507?
0
What is the hundreds digit of 29318?
3
What is the tens digit of 159?
5
What is the units digit of 2769?
9
What is the tens digit of 8310?
1
What is the ten thousands digit of 91232?
9
What is the tens digit of 1401?
0
What is the hundreds digit of 52612?
6
What is the units digit of 5207?
7
What is the units digit of 1262?
2
What is the units digit of 939?
9
What is the tens digit of 5259?
5
What is the tens digit of 2019?
1
What is the hundreds digit of 8404?
4
What is the tens digit of 7655?
5
What is the tens digit of 18629?
2
What is the tens digit of 2322?
2
What is the ten thousands digit of 17843?
1
What is the units digit of 274?
4
What is the units digit of 24931?
1
What is the thousands digit of 72752?
2
What is the hundreds digit of 7355?
3
What is the units digit of 2783?
3
What is the tens digit of 1340?
4
What is the thousands digit of 7362?
7
What is the hundreds digit of 1367?
3
What is the units digit of 6634?
4
What is the units digit of 1462?
2
What is the ten thousands digit of 15263?
1
What is the units digit of 700?
0
What is the units digit of 13571?
1
What is the tens digit of 1645?
4
What is the hundreds digit of 1159?
1
What is the tens digit of 2577?
7
What is the ten thousands digit of 10123?
1
What is the thousands digit of 8952?
8
What is the units digit of 3564?
4
What is the thousands digit of 28097?
8
What is the thousands digit of 1861?
1
What is the tens digit of 8865?
6
What is the thousands digit of 3040?
3
What is the ten thousands digit of 14992?
1
What is the tens digit of 93270?
7
What is the ten thousands digit of 29363?
2
What is the tens digit of 40653?
5
What is the tens digit of 5252?
5
What is the thousands digit of 2323?
2
What is the thousands digit of 53549?
3
What is the hundreds digit of 17932?
9
What is the ten thousands digit of 38733?
3
What is the units digit of 49?
9
What is the tens digit of 1600?
0
What is the tens digit of 6723?
2
What is the tens digit of 141985?
8
What is the thousands digit of 63395?
3
What is the tens digit of 3675?
7
What is the tens digit of 5019?
1
What is the thousands digit of 5396?
5
What is the hundreds digit of 56295?
2
What is the tens digit of 127?
2
What is the thousands digit of 5755?
5
What is the hundreds digit of 3767?
7
What is the thousands digit of 2250?
2
What is the hundreds digit of 1581?
5
What is the thousands digit of 3104?
3
What is the hundreds digit of 3074?
0
What is the tens digit of 397?
9
What is the units digit of 102?
2
What is the units digit of 40?
0
What is the units digit of 154261?
1
What is the tens digit of 305?
0
What is the thousands digit of 6127?
6
What is the thousands digit of 1940?
1
What is the tens digit of 8703?
0
What is the hundreds digit of 7901?
9
What is the units digit of 36045?
5
What is the ten thousands digit of 12800?
1
What is the tens digit of 973?
7
What is the thousands digit of 23551?
3
What is the tens digit of 779?
7
What is the thousands digit of 3641?
3
What is the units digit of 133747?
7
What is the tens digit of 66459?
5
What is the hundreds digit of 400?
4
What is the tens digit of 9945?
4
What is the hundreds digit of 11071?
0
What is the units digit of 79893?
3
What is the hundreds digit of 875?
8
What is the thousands digit of 2003?
2
What is the thousands digit of 2992?
2
What is the tens digit of 64?
6
What is the tens digit of 379?
7
What is the thousands digit of 4574?
4
What is the units digit of 920?
0
What is the thousands digit of 2527?
2
What is the tens digit of 289?
8
What is the tens digit of 87242?
4
What is the tens digit of 17761?
6
What is the tens digit of 4562?
6
What is the units digit of 174?
4
What is the thousands digit of 181739?
1
What is the hundreds digit of 130570?
5
What is the thousands digit of 3147?
3
What is the hundreds digit of 948?
9
What is the units digit of 7399?
9
What is the units digit of 76172?
2
What is the tens digit of 11?
1
What is the thousands digit of 1320?
1
What is the thousands digit of 32